{"id":4151,"date":"2026-04-23T22:21:45","date_gmt":"2026-04-23T20:21:45","guid":{"rendered":"http:\/\/localhost\/borrador\/?post_type=product&#038;p=4151"},"modified":"2026-05-07T09:47:56","modified_gmt":"2026-05-07T14:47:56","slug":"overol-tecseg-tsg15","status":"publish","type":"product","link":"https:\/\/valesafety.com.pe\/?product=overol-tecseg-tsg15","title":{"rendered":"Overol Tecseg TSG15"},"content":{"rendered":"<h2>Overol Tecseg TSG15<\/h2>\n<ul>\n<li>Traje de uso limitado (libre mantenimiento).<\/li>\n<li>Protecci\u00f3n contra salpicaduras y part\u00edculas s\u00f3lidas tipo 5\/6.<\/li>\n<li>Tela laminada, de costura simple.<\/li>\n<li>Certificaciones: EN 13034:2005 + A1: 2009, EN ISO 13982-1:2004 + A1 2010.<\/li>\n<\/ul>\n<p>Necesitas m\u00e1s productos encu\u00e9ntralos en nuestra <a href=\"https:\/\/valesafety.com.pe\/tienda\">tienda\u00a0<\/a><\/p>\n<p>Para m\u00e1s informaci\u00f3n sobre este y otros productos, no dudes en contactarnos por\u00a0<a href=\"http:\/\/wa.me\/51923151009\" target=\"_blank\" rel=\"noopener\">WhatsApp<\/a>.<\/p>\n","protected":false},"excerpt":{"rendered":"<p>El Overol Tecseg TSG15 ofrece protecci\u00f3n confiable en entornos laborales. Proporciona comodidad y seguridad durante el horario laboral con su dise\u00f1o ergon\u00f3mico y materiales duraderos, garantizando el bienestar del usuario.<\/p>\n","protected":false},"featured_media":4207,"comment_status":"closed","ping_status":"closed","template":"","meta":{"_acf_changed":false},"product_brand":[36],"product_cat":[109,66,67],"product_tag":[193],"class_list":{"0":"post-4151","1":"product","2":"type-product","3":"status-publish","4":"has-post-thumbnail","6":"product_brand-tecseg","7":"product_cat-mameluco","8":"product_cat-ropa-de-seguridad","9":"product_cat-ropa-de-trabajo","10":"product_tag-traje-descartable-tecseg","12":"first","13":"instock","14":"shipping-taxable","15":"purchasable","16":"product-type-simple"},"acf":[],"_links":{"self":[{"href":"https:\/\/valesafety.com.pe\/index.php?rest_route=\/wp\/v2\/product\/4151","targetHints":{"allow":["GET"]}}],"collection":[{"href":"https:\/\/valesafety.com.pe\/index.php?rest_route=\/wp\/v2\/product"}],"about":[{"href":"https:\/\/valesafety.com.pe\/index.php?rest_route=\/wp\/v2\/types\/product"}],"replies":[{"embeddable":true,"href":"https:\/\/valesafety.com.pe\/index.php?rest_route=%2Fwp%2Fv2%2Fcomments&post=4151"}],"wp:featuredmedia":[{"embeddable":true,"href":"https:\/\/valesafety.com.pe\/index.php?rest_route=\/wp\/v2\/media\/4207"}],"wp:attachment":[{"href":"https:\/\/valesafety.com.pe\/index.php?rest_route=%2Fwp%2Fv2%2Fmedia&parent=4151"}],"wp:term":[{"taxonomy":"product_brand","embeddable":true,"href":"https:\/\/valesafety.com.pe\/index.php?rest_route=%2Fwp%2Fv2%2Fproduct_brand&post=4151"},{"taxonomy":"product_cat","embeddable":true,"href":"https:\/\/valesafety.com.pe\/index.php?rest_route=%2Fwp%2Fv2%2Fproduct_cat&post=4151"},{"taxonomy":"product_tag","embeddable":true,"href":"https:\/\/valesafety.com.pe\/index.php?rest_route=%2Fwp%2Fv2%2Fproduct_tag&post=4151"}],"curies":[{"name":"wp","href":"https:\/\/api.w.org\/{rel}","templated":true}]}}