{"id":4150,"date":"2026-04-23T22:21:45","date_gmt":"2026-04-23T20:21:45","guid":{"rendered":"http:\/\/localhost\/borrador\/?post_type=product&#038;p=4150"},"modified":"2026-05-07T09:47:51","modified_gmt":"2026-05-07T14:47:51","slug":"overol-alphatec","status":"publish","type":"product","link":"https:\/\/valesafety.com.pe\/?product=overol-alphatec","title":{"rendered":"Overol Alphatec"},"content":{"rendered":"<h2>Overol Alphatec<\/h2>\n<ul>\n<li class=\"jet-listing-dynamic-repeater__item\">Barrera de protecci\u00f3n demostrada contra los riesgos biol\u00f3gicos l\u00edquidos y de part\u00edculas y sustancias qu\u00edmicas de bajo nivel de concentraci\u00f3n.<\/li>\n<li class=\"jet-listing-dynamic-repeater__item\">Uso muy c\u00f3modo, con tejido permeable al vapor de humedad (\u201ctranspirable\u201d) para reducir el riesgo de sufrir estr\u00e9s t\u00e9rmico por calor.<\/li>\n<li class=\"jet-listing-dynamic-repeater__item\">Ajuste corporal optimizado, mejorando la comodidad y la seguridad del usuario.<\/li>\n<li class=\"jet-listing-dynamic-repeater__item\">Antiest\u00e1ticos, probados seg\u00fan EN 1149-5.<\/li>\n<li class=\"jet-listing-dynamic-repeater__item\">Bajo riesgo de dejar fibras, lo que reduce el riesgo de contaminaci\u00f3n cruzada en \u00e1reas importantes.<\/li>\n<li class=\"jet-listing-dynamic-repeater__item\">Sin silicona, esencial para pintar con aerosoles.<\/li>\n<\/ul>\n<p>Necesitas m\u00e1s productos encu\u00e9ntralos en nuestra <a href=\"https:\/\/valesafety.com.pe\/tienda\">tienda\u00a0<\/a><\/p>\n<p>Para m\u00e1s informaci\u00f3n sobre este y otros productos, no dudes en contactarnos por\u00a0<a href=\"http:\/\/wa.me\/51923151009\" target=\"_blank\" rel=\"noopener\">WhatsApp<\/a>.<\/p>\n","protected":false},"excerpt":{"rendered":"<p>El Overol Alphatec en entornos industriales demandantes, es crucial. Proporciona seguridad al usuario durante largas horas de trabajo, combinando resistencia y comodidad para proteger contra productos qu\u00edmicos y part\u00edculas.<\/p>\n<p>&nbsp;<\/p>\n","protected":false},"featured_media":4206,"comment_status":"closed","ping_status":"closed","template":"","meta":{"_acf_changed":false},"product_brand":[39],"product_cat":[109,66,67],"product_tag":[],"class_list":{"0":"post-4150","1":"product","2":"type-product","3":"status-publish","4":"has-post-thumbnail","6":"product_brand-ansell","7":"product_cat-mameluco","8":"product_cat-ropa-de-seguridad","9":"product_cat-ropa-de-trabajo","11":"first","12":"instock","13":"shipping-taxable","14":"purchasable","15":"product-type-simple"},"acf":[],"_links":{"self":[{"href":"https:\/\/valesafety.com.pe\/index.php?rest_route=\/wp\/v2\/product\/4150","targetHints":{"allow":["GET"]}}],"collection":[{"href":"https:\/\/valesafety.com.pe\/index.php?rest_route=\/wp\/v2\/product"}],"about":[{"href":"https:\/\/valesafety.com.pe\/index.php?rest_route=\/wp\/v2\/types\/product"}],"replies":[{"embeddable":true,"href":"https:\/\/valesafety.com.pe\/index.php?rest_route=%2Fwp%2Fv2%2Fcomments&post=4150"}],"wp:featuredmedia":[{"embeddable":true,"href":"https:\/\/valesafety.com.pe\/index.php?rest_route=\/wp\/v2\/media\/4206"}],"wp:attachment":[{"href":"https:\/\/valesafety.com.pe\/index.php?rest_route=%2Fwp%2Fv2%2Fmedia&parent=4150"}],"wp:term":[{"taxonomy":"product_brand","embeddable":true,"href":"https:\/\/valesafety.com.pe\/index.php?rest_route=%2Fwp%2Fv2%2Fproduct_brand&post=4150"},{"taxonomy":"product_cat","embeddable":true,"href":"https:\/\/valesafety.com.pe\/index.php?rest_route=%2Fwp%2Fv2%2Fproduct_cat&post=4150"},{"taxonomy":"product_tag","embeddable":true,"href":"https:\/\/valesafety.com.pe\/index.php?rest_route=%2Fwp%2Fv2%2Fproduct_tag&post=4150"}],"curies":[{"name":"wp","href":"https:\/\/api.w.org\/{rel}","templated":true}]}}