{"id":4147,"date":"2026-04-23T22:21:44","date_gmt":"2026-04-23T20:21:44","guid":{"rendered":"http:\/\/localhost\/borrador\/?post_type=product&#038;p=4147"},"modified":"2026-05-07T09:43:07","modified_gmt":"2026-05-07T14:43:07","slug":"overol-tyvek-400","status":"publish","type":"product","link":"https:\/\/valesafety.com.pe\/?product=overol-tyvek-400","title":{"rendered":"Overol Tyvek 400"},"content":{"rendered":"<h2>Overol Tyvek 400 Dupont<\/h2>\n<ul>\n<li>Material resistente a rasgaduras, abrasiones y productos qu\u00edmicos agresivos que es duradero.<\/li>\n<li>El dise\u00f1o ergon\u00f3mico est\u00e1 pensado para proporcionar mayor comodidad y libertad de movimiento mientras se trabaja.<\/li>\n<li>Selladas costuras para resistencia adicional y protecci\u00f3n contra la introducci\u00f3n qu\u00edmica.<\/li>\n<li>Capucha con ajuste y pu\u00f1os el\u00e1sticos para garantizar un ajuste seguro y herm\u00e9tico.<\/li>\n<\/ul>\n<p>Necesitas m\u00e1s productos encu\u00e9ntralos en nuestra <a href=\"https:\/\/valesafety.com.pe\/tienda\">tienda\u00a0<\/a><\/p>\n<p>Para m\u00e1s informaci\u00f3n sobre este y otros productos, no dudes en contactarnos por\u00a0<a href=\"http:\/\/wa.me\/51923151009\" target=\"_blank\" rel=\"noopener\">WhatsApp<\/a>.<\/p>\n","protected":false},"excerpt":{"rendered":"<p data-pm-slice=\"1 1 []\">El Overol Tyvek 400 de la marca Dupont es esencial en entornos industriales y laborales exigentes. Hecho con materiales duraderos y c\u00f3modos, ofrece protecci\u00f3n contra qu\u00edmicos, part\u00edculas y otras sustancias peligrosas para asegurar la seguridad del usuario.<\/p>\n","protected":false},"featured_media":4196,"comment_status":"closed","ping_status":"closed","template":"","meta":{"_acf_changed":false},"product_brand":[28],"product_cat":[110,66,67],"product_tag":[],"class_list":{"0":"post-4147","1":"product","2":"type-product","3":"status-publish","4":"has-post-thumbnail","6":"product_brand-dupont","7":"product_cat-overol","8":"product_cat-ropa-de-seguridad","9":"product_cat-ropa-de-trabajo","11":"first","12":"instock","13":"shipping-taxable","14":"purchasable","15":"product-type-simple"},"acf":[],"_links":{"self":[{"href":"https:\/\/valesafety.com.pe\/index.php?rest_route=\/wp\/v2\/product\/4147","targetHints":{"allow":["GET"]}}],"collection":[{"href":"https:\/\/valesafety.com.pe\/index.php?rest_route=\/wp\/v2\/product"}],"about":[{"href":"https:\/\/valesafety.com.pe\/index.php?rest_route=\/wp\/v2\/types\/product"}],"replies":[{"embeddable":true,"href":"https:\/\/valesafety.com.pe\/index.php?rest_route=%2Fwp%2Fv2%2Fcomments&post=4147"}],"wp:featuredmedia":[{"embeddable":true,"href":"https:\/\/valesafety.com.pe\/index.php?rest_route=\/wp\/v2\/media\/4196"}],"wp:attachment":[{"href":"https:\/\/valesafety.com.pe\/index.php?rest_route=%2Fwp%2Fv2%2Fmedia&parent=4147"}],"wp:term":[{"taxonomy":"product_brand","embeddable":true,"href":"https:\/\/valesafety.com.pe\/index.php?rest_route=%2Fwp%2Fv2%2Fproduct_brand&post=4147"},{"taxonomy":"product_cat","embeddable":true,"href":"https:\/\/valesafety.com.pe\/index.php?rest_route=%2Fwp%2Fv2%2Fproduct_cat&post=4147"},{"taxonomy":"product_tag","embeddable":true,"href":"https:\/\/valesafety.com.pe\/index.php?rest_route=%2Fwp%2Fv2%2Fproduct_tag&post=4147"}],"curies":[{"name":"wp","href":"https:\/\/api.w.org\/{rel}","templated":true}]}}