{"id":4138,"date":"2026-04-23T22:21:43","date_gmt":"2026-04-23T20:21:43","guid":{"rendered":"http:\/\/localhost\/borrador\/?post_type=product&#038;p=4138"},"modified":"2026-05-06T17:08:00","modified_gmt":"2026-05-06T22:08:00","slug":"guantes-hercules-deltaplus","status":"publish","type":"product","link":"https:\/\/valesafety.com.pe\/?product=guantes-hercules-deltaplus","title":{"rendered":"Guantes Hercules Deltaplus"},"content":{"rendered":"<h2>Guantes Hercule O Guante vv750<\/h2>\n<ul>\n<li>Interior : 100% acril\u00edco galga 7.<\/li>\n<li>Exterior : 100% poliamida galga 13.<\/li>\n<li>Impregnaci\u00f3n de nitrilo espuma en palma, dedos y mitad del dorso.<\/li>\n<li>Soporte: poliamida\/acr\u00edlico.<\/li>\n<li>Impregnaci\u00f3n: espuma de nitrilo.<\/li>\n<\/ul>\n<h3>Certificaciones y\/o normas<\/h3>\n<p>EN 420 : 2003 + A1 : 2009 Exigencias generales<\/p>\n<p>EN 388 : 2016 Guantes contra los riesgos Mec\u00e1nicos (Niveles obtenidos en la palma)<\/p>\n<p>EN 511 : 2006 Guantes de protecci\u00f3n contra el fr\u00edo (Un \u00abx\u00bb = Test no realizada)<\/p>\n<p>&nbsp;<\/p>\n<p>Necesitas m\u00e1s productos encu\u00e9ntralos en nuestra <a href=\"https:\/\/valesafety.com.pe\/tienda\">tienda\u00a0<\/a><\/p>\n<p>Para m\u00e1s informaci\u00f3n sobre este y otros productos, no dudes en contactarnos por\u00a0<a href=\"http:\/\/wa.me\/51923151009\" target=\"_blank\" rel=\"noopener\">WhatsApp<\/a>.<\/p>\n","protected":false},"excerpt":{"rendered":"<p>Guantes hercules DeltaPlus son esenciales en entornos laborales demandantes. Gracias a su resistente construcci\u00f3n y materiales de alta calidad, brindan una protecci\u00f3n \u00f3ptima contra cortes, abrasiones e impactos para garantizar la seguridad del usuario en todo momento.<\/p>\n","protected":false},"featured_media":4179,"comment_status":"closed","ping_status":"closed","template":"","meta":{"_acf_changed":false},"product_brand":[27],"product_cat":[92,59],"product_tag":[],"class_list":{"0":"post-4138","1":"product","2":"type-product","3":"status-publish","4":"has-post-thumbnail","6":"product_brand-deltaplus","7":"product_cat-guante-antideslizante","8":"product_cat-proteccion-de-las-manos","10":"first","11":"instock","12":"shipping-taxable","13":"purchasable","14":"product-type-simple"},"acf":[],"_links":{"self":[{"href":"https:\/\/valesafety.com.pe\/index.php?rest_route=\/wp\/v2\/product\/4138","targetHints":{"allow":["GET"]}}],"collection":[{"href":"https:\/\/valesafety.com.pe\/index.php?rest_route=\/wp\/v2\/product"}],"about":[{"href":"https:\/\/valesafety.com.pe\/index.php?rest_route=\/wp\/v2\/types\/product"}],"replies":[{"embeddable":true,"href":"https:\/\/valesafety.com.pe\/index.php?rest_route=%2Fwp%2Fv2%2Fcomments&post=4138"}],"wp:featuredmedia":[{"embeddable":true,"href":"https:\/\/valesafety.com.pe\/index.php?rest_route=\/wp\/v2\/media\/4179"}],"wp:attachment":[{"href":"https:\/\/valesafety.com.pe\/index.php?rest_route=%2Fwp%2Fv2%2Fmedia&parent=4138"}],"wp:term":[{"taxonomy":"product_brand","embeddable":true,"href":"https:\/\/valesafety.com.pe\/index.php?rest_route=%2Fwp%2Fv2%2Fproduct_brand&post=4138"},{"taxonomy":"product_cat","embeddable":true,"href":"https:\/\/valesafety.com.pe\/index.php?rest_route=%2Fwp%2Fv2%2Fproduct_cat&post=4138"},{"taxonomy":"product_tag","embeddable":true,"href":"https:\/\/valesafety.com.pe\/index.php?rest_route=%2Fwp%2Fv2%2Fproduct_tag&post=4138"}],"curies":[{"name":"wp","href":"https:\/\/api.w.org\/{rel}","templated":true}]}}