{"id":4131,"date":"2026-04-23T22:21:41","date_gmt":"2026-04-23T20:21:41","guid":{"rendered":"http:\/\/localhost\/borrador\/?post_type=product&#038;p=4131"},"modified":"2026-05-06T13:04:41","modified_gmt":"2026-05-06T18:04:41","slug":"botin-oslo-tecseg","status":"publish","type":"product","link":"https:\/\/valesafety.com.pe\/?product=botin-oslo-tecseg","title":{"rendered":"Bot\u00edn Oslo Tecseg"},"content":{"rendered":"<h2>Bot\u00edn Oslo Tecseg<\/h2>\n<ul class=\"detalle\">\n<li>Material de cuero hidrofugado.<\/li>\n<li>Puntera composite y plantilla Kevlar.<\/li>\n<li>Planta caucho\/nitrilo.<\/li>\n<li>Con elementos reflectivos en la zona interna y externa de la capellada.<\/li>\n<li data-start=\"0\" data-end=\"248\"><strong data-start=\"2\" data-end=\"12\" data-is-only-node=\"\">Suela:<\/strong> Fabricada en caucho nitrilo antideslizante, destaca por su alta resistencia a la abrasi\u00f3n (menos de 150 mm\u00b3), propiedades diel\u00e9ctricas conforme a la norma ASTM F2413 y resistencia a hidrocarburos. Es extremadamente ligero y flexible.<\/li>\n<li data-start=\"249\" data-end=\"339\"><strong data-start=\"251\" data-end=\"266\" data-is-only-node=\"\">Entresuela:<\/strong> Elaborada en phylon de baja densidad y gran capacidad de recuperaci\u00f3n.<\/li>\n<li data-start=\"340\" data-end=\"613\"><strong data-start=\"342\" data-end=\"361\" data-is-only-node=\"\">Parte superior:<\/strong> Confeccionada en cuero flotante hidrofugado, con un grosor de 1,8 a 2,0 mm, lo que la hace resistente al agua. Incorpora leng\u00fceta y cuello descarne natural, ojales no met\u00e1licos y refuerzos de caucho en la puntera y el tal\u00f3n para mayor durabilidad.<\/li>\n<li data-start=\"614\" data-end=\"700\"><strong data-start=\"616\" data-end=\"626\" data-is-only-node=\"\">Forro:<\/strong> Combinaci\u00f3n de gamuza suave y cuero en el interior para mayor comodidad.<\/li>\n<li data-start=\"701\" data-end=\"867\" data-is-last-node=\"\"><strong data-start=\"703\" data-end=\"726\" data-is-only-node=\"\">Plantilla interior:<\/strong> Dise\u00f1o ergon\u00f3mico con una combinaci\u00f3n de PU, TPU y gel anti-impacto en la zona del tal\u00f3n, optimizando la absorci\u00f3n de impactos y el confort.<\/li>\n<\/ul>\n<p>Necesitas m\u00e1s productos encu\u00e9ntralos en nuestra <a href=\"https:\/\/valesafety.com.pe\/tienda\">tienda\u00a0<\/a><\/p>\n<p>Para m\u00e1s informaci\u00f3n sobre este y otros productos, no dudes en contactarnos por\u00a0<a href=\"http:\/\/wa.me\/51923151009\" target=\"_blank\" rel=\"noopener\">WhatsApp<\/a>.<\/p>\n","protected":false},"excerpt":{"rendered":"<p>Bot\u00edn Oslo Tecseg est\u00e1n dise\u00f1ados para resistir entornos industriales desafiantes y son de alta calidad como calzado de seguridad. Ofrecen protecci\u00f3n confiable y comodidad ergon\u00f3mica durante largas jornadas laborales con caracter\u00edsticas como puntera de acero y suela antideslizante.<\/p>\n","protected":false},"featured_media":4160,"comment_status":"closed","ping_status":"closed","template":"","meta":{"_acf_changed":false},"product_brand":[36],"product_cat":[68,116],"product_tag":[],"class_list":{"0":"post-4131","1":"product","2":"type-product","3":"status-publish","4":"has-post-thumbnail","6":"product_brand-tecseg","7":"product_cat-zapatos-de-seguridad","8":"product_cat-zapatos-de-trabajo","10":"first","11":"instock","12":"shipping-taxable","13":"purchasable","14":"product-type-simple"},"acf":[],"_links":{"self":[{"href":"https:\/\/valesafety.com.pe\/index.php?rest_route=\/wp\/v2\/product\/4131","targetHints":{"allow":["GET"]}}],"collection":[{"href":"https:\/\/valesafety.com.pe\/index.php?rest_route=\/wp\/v2\/product"}],"about":[{"href":"https:\/\/valesafety.com.pe\/index.php?rest_route=\/wp\/v2\/types\/product"}],"replies":[{"embeddable":true,"href":"https:\/\/valesafety.com.pe\/index.php?rest_route=%2Fwp%2Fv2%2Fcomments&post=4131"}],"wp:featuredmedia":[{"embeddable":true,"href":"https:\/\/valesafety.com.pe\/index.php?rest_route=\/wp\/v2\/media\/4160"}],"wp:attachment":[{"href":"https:\/\/valesafety.com.pe\/index.php?rest_route=%2Fwp%2Fv2%2Fmedia&parent=4131"}],"wp:term":[{"taxonomy":"product_brand","embeddable":true,"href":"https:\/\/valesafety.com.pe\/index.php?rest_route=%2Fwp%2Fv2%2Fproduct_brand&post=4131"},{"taxonomy":"product_cat","embeddable":true,"href":"https:\/\/valesafety.com.pe\/index.php?rest_route=%2Fwp%2Fv2%2Fproduct_cat&post=4131"},{"taxonomy":"product_tag","embeddable":true,"href":"https:\/\/valesafety.com.pe\/index.php?rest_route=%2Fwp%2Fv2%2Fproduct_tag&post=4131"}],"curies":[{"name":"wp","href":"https:\/\/api.w.org\/{rel}","templated":true}]}}